+ 5*j - 53. Suppose -3*k - 2 = i, 2*k + 0*k = 2*i + 4. Determine x(k).
5
Let v(o) = 3*o**2 - o**3 - 5*o + 4*o**2 - 167124 + 167120. Determine v(5).
21
Let x = -90 + 89. Let n(g) be the third derivative of g**4/24 + g**3/6 + 4*g**2. Calculate n(x).
0
Let g(p) = -5*p + 2. Let v(i) = i - 1. Let o(t) = -g(t) - 2*v(t). Let m(q) = -q - 3. Let k be m(-4). Suppose -k = 4*r - 3*r. Calculate o(r).
-3
Let m(h) = h - 7. Let r be (-14)/(0/(-1) - (-3 - -5)). Give m(r).
0
Let c(m) = -2*m**3 - 4*m**2 - 19*m + 12. Let p(y) = y**3 + 5*y**2 + 13*y - 10. Let i(g) = 2*c(g) + 3*p(g). Give i(6).
36
Let o(p) = -p + 4. Let c(y) = -y + 9. Let z be (-3)/12 + 11/(-4). Let n be -2*(3 - z/(-6)). Let i(f) = n*o(f) + 2*c(f). What is i(3)?
7
Suppose -d + 3*d = 24. Let s = d + -18. Let u be 4/2 - (s - -14). Let n(t) = -t - 1. Determine n(u).
5
Let n(b) = 2*b - 14. Let i be (12/(-8) + 0)*(-20)/6. Calculate n(i).
-4
Suppose 5*k = 4*n, 2*n - 2*k + 18 = 4*n. Suppose -4*u - 9 = -n*u. Let p be ((-6)/u)/(4/6). Let d(o) = 8*o**3 + o**2 + o. Calculate d(p).
-8
Let y(r) = 0*r + 2 - 474*r**2 + 478*r**2 + 3*r. Suppose 0 = -5*z + 5, 5*g - z + 12 = z. Give y(g).
12
Suppose -o - 11 = -5*q, -2*q - 4*o = -0*q - 22. Let l(k) be the first derivative of -2*k**3/3 + 3*k**2/2 + 4*k - 3884. Determine l(q).
-5
Let y(l) = -l + 39. Let t be y(16). Let n(q) = -1 - 21*q - t*q + 62*q. Calculate n(-1).
-19
Suppose -266*b = -271*b + 20. Let q(c) = -c**3 + 6*c**2 - 6*c - 1. Calculate q(b).
7
Let l(w) be the first derivative of -1/4*w**4 - 2 - 1/2*w**2 - w - 1/3*w**3. Let x = 9 + -9. Calculate l(x).
-1
Let t = 58 + -55. Let g be (-7)/((-14)/(-6)) + t. Let d(c) be the first derivative of -c**2/2 + 5*c - 1. What is d(g)?
5
Let x(u) be the second derivative of u**4/12 + 3*u**3/2 + 5*u**2 - 10*u - 3. Give x(-8).
2
Let k(x) = -7*x**3 - 9*x**2 + 10*x - 12. Let r(f) = -9*f**3 - 8*f**2 + 9*f - 13. Let y(u) = -4*k(u) + 3*r(u). Calculate y(-13).
9
Let m(y) = -2*y - 26. Suppose 0 = -i + 5*z - 29, 5*i + 2*z = 4*i - 1. Determine m(i).
-8
Let p(n) = -3 - 4*n**3 - 6*n**2 + 3*n**3 - 3*n**2 + 12*n**2 - 2*n. Give p(4).
-27
Let n(t) = 2*t**2 - 7*t + 3. Let x(a) = -7*a + 25. Let i be x(3). Let z be n(i). Let v(d) = d**3 - 8*d**2 + 8*d - 10. Give v(z).
-3
Let c(v) = 11*v**2 + 1. Let u(s) = -5*s**2 - 1. Let m(k) = 4*c(k) + 9*u(k). Give m(5).
-30
Let r(p) = p**3 - p**2 - 2*p. Let y = 32 + -13. Suppose 0 = -55*n + 48*n + 119. Let g = n - y. Determine r(g).
-8
Suppose -9 = n - j - 3, -2*n + 3*j = 15. Let l be ((-3)/n - -1) + 0. Let r(s) = -s + 1. Calculate r(l).
-1
Suppose -16*v + 15*v + 10 = 0. Suppose v*s = 7*s + 12. Let g be -1 + s*(-4)/(-16). Let z(y) = y - 7. Determine z(g).
-7
Let x(j) = 2*j**3 - 26*j**2 - 13*j - 34. Let z(h) = h**3 - 13*h**2 - 7*h - 17. Let s(u) = 6*x(u) - 13*z(u). Calculate s(14).
3
Let x(j) be the first derivative of -2*j**3/3 + j**2 - 2*j - 13. What is x(3)?
-14
Let r(i) = i + 4. Let h be r(-5). Let z be (4/(-6))/(h/9). Let d(k) = 5*k - 7*k**2 - 154 + k + k**3 + 314 - 163. Determine d(z).
-3
Let v = -49 - -95. Let x = v - 52. Let c(r) = -r**3 - 7*r**2 - 4*r + 3. Determine c(x).
-9
Let f(w) = w**3 - 11*w**2 + 3. Let u = 689 + -678. What is f(u)?
3
Let s(y) = y + 6 - y - y. Let z be (2 - 0)*(-6)/(-2). Suppose 0 = -z*f + 15 + 21. What is s(f)?
0
Let j(n) = -5*n**3 - 4*n**2 - 9*n - 6. Let m(l) = 14*l**3 + 13*l**2 + 27*l + 18. Let g(w) = 11*j(w) + 4*m(w). Determine g(-6).
24
Let q(b) be the first derivative of b**4/4 - 3*b**3 - 4*b - 26. Give q(9).
-4
Let r = 129 + -127. Let z(a) be the third derivative of a**8/3360 - a**5/120 + 5*a**4/24 + 3*a**2. Let y(w) be the second derivative of z(w). What is y(r)?
15
Let v(m) be the first derivative of -m**4/4 - m**2 - 3*m + 14. Let n(i) = 0*i**3 + 4 + 2*i**3 + 3*i + 3. Let f(o) = -3*n(o) - 5*v(o). Give f(0).
-6
Let q be (-403)/26 + (-1)/(-2). Let c = -13 - q. Let w(i) = i + 3*i**2 + 4*i**3 + 2*i**2 - 7*i + c - 3*i**3. Determine w(-6).
2
Let d(z) = z**2 + 7*z - 2. Let b = 52 - 5. Suppose x = f + f + 1, b = -5*x - 3*f. Give d(x).
-2
Let s = -1 - -5. Let p(n) be the third derivative of -1/3*n**3 + 0*n + 0 - 9*n**2 + 1/8*n**4. Determine p(s).
10
Suppose -8 = -4*y + 3*j, 3*y - j - 11 = -0*y. Let c(r) be the second derivative of -7/6*r**3 + 0 + 1/12*r**4 - 2*r + 7/2*r**2. Determine c(y).
-3
Let q(s) = -36 - 14 - 8*s + 16. Let v be q(-5). Let l(g) = -g - 1. Let t(m) = -6*m - 8. Let n(c) = 5*l(c) - t(c). Determine n(v).
9
Let s(d) = 40*d + 32. Let x(f) = 19*f + 15. Let n(k) = 6*s(k) - 13*x(k). Give n(5).
-38
Let g(o) = -o. Let q(j) = -18. Let p(y) = -2*g(y) - q(y). Let k be p(-8). Let h(b) = -7*b**k + 0*b + 3*b + 3*b + b**3. Determine h(6).
0
Let b(u) be the first derivative of -u**4/4 + 4*u**3 + u**2 - 17*u + 314. Give b(12).
7
Let g = -3 - -7. Let d(o) = g*o + 1 - 1 + 2*o**2 - 2 - o**2. Suppose 15 = -3*z, 0 = 2*i - 0*i + 5*z + 35. Determine d(i).
3
Let u(m) = 16*m**3 + 18*m**3 + m**2 + 3 - 2*m - 35*m**3. Let n be u(0). Let g(p) = -2*p**2 + 3*p + 4. Calculate g(n).
-5
Let i = -1420 + 1424. Let q(d) be the second derivative of -5/6*d**3 + 0 - 2*d**2 + d - 1/3*d**i - 1/20*d**5. What is q(-3)?
2
Let x(y) = -3*y**2 - 6*y + 2. Let c(r) = -8*r**2 - 12*r + 3. Let l(w) = -2*c(w) + 5*x(w). Determine l(6).
4
Let b(m) = 3*m - 6. Let l be (0 - -14)*14/28. Let j(h) = 3*h - 5. Let p(t) = l*j(t) - 6*b(t). Give p(-3).
-8
Let r(p) = -p + 28. Let j(b) = -5*b - 103. Let k be j(-22). Calculate r(k).
21
Let g = -40 - -33. Let n(o) = 5*o + 2*o + 4*o**2 + 4 + 4*o**2 + o**3. Calculate n(g).
4
Suppose 0*v = 3*p + 3*v - 9, 3*p - 2*v = 14. Let k(a) = 3*a**2 + 5*a + 3. Let s(r) = 2*r**2 + 5*r + 3. Let l(x) = 4*k(x) - 5*s(x). Calculate l(p).
9
Let d(a) = 1148*a - 112. Let t(l) = 31*l - 3. Let o(s) = -3*d(s) + 112*t(s). Let c = -2388 + 2389. What is o(c)?
28
Suppose -5*p + 9 = -4*n - 35, 0 = -2*n + p - 16. Let u = n + 4. Let f be -7 + u/4*-6. Let v(m) = -m**2 - 4*m. Determine v(f).
0
Suppose p + 40 = 9*p. Suppose -r + p = 13. Let f(m) be the first derivative of -m**3/3 - 3*m**2 + 11*m + 2. Determine f(r).
-5
Suppose 23*a = 30*a - 7. Let u(x) = x**2 + x - 1. Determine u(a).
1
Let p = 77 - 76. Let n(t) be the first derivative of 0*t - 1/2*t**2 + 2/3*t**3 - 3/4*t**4 + 1. Give n(p).
-2
Let v be (4 - (-88)/(-20)) + 663/(-5). Let j = v + 134. Let y(k) = -5*k**2 - 1. What is y(j)?
-6
Let k(x) be the third derivative of x**6/120 - 2*x**5/15 - x**4/3 - x**3 - 97*x**2. Give k(9).
3
Let k(a) = -a - 3. Let t(g) = -g - 7. Let j(w) = -13*k(w) + 6*t(w). Calculate j(4).
25
Let x be 3*2/(-6)*-3. Let n(z) = -2*z**2 - 2*z**2 + x*z**2. Calculate n(1).
-1
Suppose 3*y - n - 2 = y, 2*y + n = 10. Let d(r) = 3 - 5 + y*r - 2*r. Let b be (-3500)/(-850) + 4/(-34). Calculate d(b).
2
Let g(h) be the first derivative of -h**2/2 - 2*h - 1. Suppose 7*r - 1267 = -1295. Determine g(r).
2
Let a be 2 - ((2 - 0) + -4). Let x(w) = 2 + 0*w**2 + w + 4*w**3 - 5*w**3 + 1 + a*w**2. Calculate x(4).
7
Suppose 5*r - 2 = 13. Let t(x) = 3*x**2 - r*x**2 - 2*x**2. Let f = -1 - 0. Give t(f).
-2
Suppose -15 + 37 = 2*o. Let h(n) = 2*n - 27. Let k be h(o). Let q(c) = -2*c - 7. Calculate q(k).
3
Let t(w) = w**2 - 4 - 2 - 13*w + 13*w - w**3 + 0*w**3 + 4*w. Give t(4).
-38
Let i(x) = 11*x + 61. Let a(z) = -14*z + 1. Let b(f) = -a(f) - i(f). Give b(22).
4
Let x(o) = -o**2 - 4*o - 6. Let q(n) = n + 2. Let l(t) be the third derivative of -t**4/24 - 13*t**3/6 + 5*t**2. Let y be l(-7). Let g be q(y). Give x(g).
-6
Let c be (-5 - 2)/(9 - 76/8). Let p(a) = -a + 24. Give p(c).
10
Let h(v) be the third derivative of v**5/60 + v**4/4 + 2*v**3/3 + 303*v**2. Give h(5).
59
Let z be (-32)/(-7) - 10 - (-4)/(-7). Let f(b) = -b**3 - 5*b**2 + 4*b - 20. What is f(z)?
-8
Let h(g) = -38*g + 12. Let m(y) = -8*y + 1. Let p(j) = h(j) - 5*m(j). What is p(-3)?
1
Let r(i) = -40*i + 15. Let m(z) = 13*z - 4. Let a(t) = -7*m(t) - 2*r(t). What is a(-3)?
31
Let n(d) = -d - 31. Let s(l) be the second derivative of -l**3/2 - 46*l**2 - 2*l - 4. Let f(j) = -11*n(j) + 4*s(j). What is f(-11)?
-16
Let g(t) = -4*t**3 + 3*t**2 + t - 2. Let n = -1307 - -1309. Determine g(n).
-20
Let i(y) be the first derivative of -y**2/2 - 10*y + 29. Let j be i(-4). Let h(b) = -b + 2. Give h(j).
8
Let l(j) = 5*j**3 - j**2 - 23*j. Let p(c) = c**3 + c**2 - 4*c - 1. Let t(m) = -l(m) + 6*p(m). What is t(-7)?
1
Let j be (